1783 (base 11) in base 7?
-2003402
-2afcb5 (base 16) to base 2
-1010101111110010110101
-2a0818 (base 12) to base 10
-706196
-14a1619 (base 14) to base 6
-555451235
-1111112210 (base 3) to base 4
-13031313
Convert -1100110111010001000110 (base 2) to base 11.
-19a3568
Convert -102404354 (base 6) to base 9.
-3351037
-1520227 (base 8) to base 4
-1222002113
10952 (base 16) to base 10
67922
Convert -2bbeee (base 16) to base 10.
-2866926
What is 276437 (base 12) in base 16?
9f9eb
Convert 2310300020 (base 4) to base 2.
10110100110000001000
What is 4413210 (base 11) in base 7?
122603546
-3313121 (base 4) to base 3
-210201102
Convert -157836 (base 11) to base 4.
-323231210
Convert -443265 (base 12) to base 4.
-10020212231
13a0395 (base 14) to base 10
9527887
-15351f (base 16) to base 11
-86a245
What is -1e68e0 (base 15) in base 13?
-4024b0
Convert 8db7e (base 15) to base 2.
1101110001110001101
Convert abd868 (base 14) to base 3.
101222121102201
Convert -35792 (base 12) to base 11.
-4a084
Convert 165634355 (base 7) to base 15.
1003e08
Convert 10020130021 (base 4) to base 9.
2030714
Convert -35b9036 (base 13) to base 15.
-16e47c1
Convert 428461 (base 9) to base 10.
255529
What is -2523941 (base 10) in base 12?
-a18745
Convert 4134144322 (base 5) to base 6.
502152340
What is -cdcd3 (base 15) in base 11?
-407624
1001000110001000100110 (base 2) to base 12
96ba5a
-495ab3 (base 12) to base 16
-1230e7
What is -135b99 (base 14) in base 15?
-d33a8
What is 343300341 (base 5) in base 6?
53004545
What is 83967 (base 11) in base 8?
356653
1756531 (base 8) to base 3
222012000112
Convert 22483b (base 15) to base 11.
a17738
4dfd8 (base 16) to base 15
649b8
Convert -123322131 (base 4) to base 9.
-183746
What is 3084748 (base 9) in base 11?
a27a18
-cb256 (base 15) to base 16
-9d824
Convert 10021112121 (base 3) to base 6.
1214454
Convert -3ccaa0 (base 13) to base 12.
-5b730b
What is -11a664 (base 12) in base 3?
-112121202211
What is -9829311 (base 11) in base 13?
-376a775
Convert 1545cc1 (base 15) to base 6.
1310141244
What is -1235245 (base 6) in base 11?
-46601
-21211010010201 (base 3) to base 11
-2389017
What is 55664 (base 7) in base 5?
422220
Convert 6a1823 (base 12) to base 5.
414001014
Convert -4de14a (base 16) to base 15.
-6ac431
What is -332130333022 (base 4) in base 13?
-3512a94
What is -8435 (base 13) in base 4?
-10131320
Convert -1400303041 (base 5) to base 13.
-965844
What is 3563419 (base 11) in base 7?
103542415
Convert 105301644 (base 7) to base 5.
3114413021
-8897749 (base 10) to base 5
-4234211444
What is -33311375 (base 8) in base 15?
-96cabd
656014 (base 10) to base 7
5401402
200122100311 (base 4) to base 5
4133334211
-688d2c (base 14) to base 6
-204135552
Convert -1001111020 (base 3) to base 15.
-6249
Convert -78803 (base 10) to base 6.
-1404455
Convert -11022201111102 (base 3) to base 14.
-43b38d
231210021 (base 4) to base 7
1405056
What is 442100 (base 6) in base 5?
2134011
What is -52065234 (base 7) in base 13?
-b9c979
What is -a5e38e (base 16) in base 5?
-10240343234
Convert -1392d (base 14) to base 3.
-2110110120
What is -100400541 (base 6) in base 14?
-32772d
Convert -5025346 (base 7) to base 2.
-10010001001111111111
What is -3262159 (base 10) in base 4?
-30130123033
Convert 10801057 (base 10) to base 13.
2312377
What is 3a610 (base 14) in base 9?
238324
What is -43124042 (base 5) in base 7?
-3045006
Convert 311963 (base 10) to base 5.
34440323
-10300515 (base 6) to base 8
-1120537
-57c6 (base 14) to base 12
-8a02
What is 1c9c98 (base 14) in base 13?
29bccc
-341110404 (base 5) to base 3
-2211101220022
Convert -26ac0 (base 15) to base 3.
-20022000000
Convert 5b07 (base 12) to base 10.
10231
Convert -d9479 (base 15) to base 3.
-1022000211120
What is -4826411 (base 9) in base 15?
-36a191
-100002201120221 (base 3) to base 5
-2214232431
Convert 13001a (base 11) to base 12.
9a76b
What is 59852 (base 11) in base 9?
141227
23b668 (base 12) to base 6
20232212
Convert -131563223 (base 7) to base 13.
-199c49c
2c8aa6 (base 16) to base 11
1714168
Convert -6665e (base 16) to base 10.
-419422
37829d (base 15) to base 5
1140110343
Convert 11313321 (base 5) to base 16.
19713
What is -1210110020101 (base 3) in base 4?
-3220311220
6116243 (base 7) to base 6
23331025
What is -8ac628 (base 13) in base 7?
-36623332
Convert -54633 (base 10) to base 7.
-315165
What is 3312311123 (base 5) in base 4?
123101303010
-1127577 (base 9) to base 14
-11c018
Convert -3032ab (base 14) to base 3.
-10001102022020
What is -15445210 (base 7) in base 3?
-2210201111111
38888 (base 16) to base 13
81524
-308c1 (base 15) to base 12
-75054
8175396 (base 11) to base 9
30153243
Convert 24995 (base 14) to base 8.
257147
-12102002112 (base 3) to base 2
-11010000000000110
Convert c9ab2 (base 13) to base 9.
614702
Convert 2454203 (base 6) to base 13.
48012
-1011121121102 (base 3) to base 11
-39558a
-1607 (base 14) to base 7
-14310
What is 58056 (base 13) in base 6?
3234500
-58297 (base 12) to base 6
-2305511
What is 36cb2 (base 13) in base 10?
101038
What is -889162 (base 11) in base 10?
-1417704
2029b91 (base 13) to base 14
1414b7c
What is 28345cb (base 13) in base 10?
12719445
-23223012 (base 4) to base 14
-135d4
32314421 (base 5) to base 7
2230232
1231111 (base 5) to base 13
ab5c
-1a8d644 (base 14) to base 9
-26837307
What is 254346 (base 15) in base 16?
1b4104
Convert 11001013001 (base 4) to base 8.
5010701
Convert 2313121302 (base 4) to base 3.
1102011110220
Convert -23222012 (base 4) to base 6.
-1005022
1112113212 (base 4) to base 2
1010110010111100110
-1d4d630 (base 14) to base 3
-1000200102210120
Convert 6f54fd (base 16) to base 13.
1686013
-156530400 (base 7) to base 3
-202002120222210
45ab03 (base 14) to base 12
9652bb
-69aa6 (base 11) to base 10
-101151
4ae119 (base 15) to base 5
1404404444
-317178 (base 9) to base 4
-232020203
What is -354462 (base 9) in base 12?
-a34a8
What is 21023412 (base 5) in base 12?
84573
1101001100001001011 (base 2) to base 6
13132535
-135124 (base 12) to base 2
-1001110000101101100
-4122255 (base 7) to base 3
-221001022100
Convert -130201022022 (base 4) to base 2.
-11100100001001010001010
-13313 (base 10) to base 7
-53546
What is 469b88 (base 12) in base 3?
2010202122112
What is 2051143 (base 7) in base 13?
889ab
Convert -10217 (base 12) to base 11.
-148a0
10413255 (base 6) to base 4
1030130003
-1e0e35 (base 16) to base 6
-110115021
495427 (base 11) to base 3
1110210021020
What is 9b1d61 (base 16) in base 10?
10165601
c723a (base 13) to base 3
200012202201
-13023324 (base 5) to base 12
-613b6
227603 (base 8) to base 11
53416
-1113232312 (base 4) to base 6
-11411354
What is -20220122020 (base 3) in base 12?
-668a3
Convert -78a84 (base 13) to base 15.
-44ea1
Convert b49b8 (base 13) to base 11.
20199a
603655 (base 8) to base 3
101002101120
Convert d50ad (base 14) to base 15.
a213b
What is -1040403520 (base 6) in base 10?
-11229384
What is -57134 (base 16) in base 7?
-3013553
Convert -133001013 (base 6) to base 16.
-289521
Convert -238601 (base 12) to base 8.
-2142141
-13589876 (base 10) to base 11
-7742303
Convert 423305 (base 8) to base 6.
3004433
95983 (base 12) to base 6
4114243
16004535 (base 10) to base 4
331003112313
What is -5651512 (base 7) in base 15?
-dcd94
What is -101332304 (base 5) in base 12?
-181971
Convert -110110110111101 (base 2) to base 14.
-a349
be724 (base 15) to base 13
18292c
What is -15b87c (base 13) in base 7?
-4405346
-101011100111100101 (base 2) to base 11
-11225a
Convert 126785 (base 9) to base 10.
77189
-103320212 (base 4) to base 5
-10101241
Convert 782774 (base 9) to base 5.
104433143
What is 51a54a (base 12) in base 15?
1a5204
98aaa8 (base 11) to base 8
6020251
Convert -4314050 (base 10) to base 13.
-b807c0
Convert 30386 (base 12) to base 13.
22734
What is -110001011011001001011 (base 2) in base 13?
-449204
Convert 9d6ce (base 15) to base 10.
501044
What is -4355402 (base 8) in base 9?
-2173157
Convert -5969dc (base 16) to base 10.
-5859804
Convert 42100011 (base 7) to base 10.
3546285
Convert -1010222010201001 (base 3) to base 2.
-111110110001111111011001
3238444 (base 9) to base 7
20526634
Convert 16a465 (base 12) to base 7.
3216320
1010001001001011 (base 2) to base 12
20063
Convert -473365 (base 8) to base 2.
-100111011011